 of w.
11
Let s be (-435)/(-9) - (-2)/(-6). Let k be s/9*3*2. Suppose 0 = 5*h + 3*w - 40, 0 = -h - 3*h + 5*w + k. What are the prime factors of h?
2
Suppose -x = -156 - 189. What are the prime factors of x?
3, 5, 23
Let v(f) = -f**3 - f**2 + f + 4. Let x be v(0). Suppose -h - 3*m - 18 = 2*h, -x*h - 32 = 2*m. List the prime factors of (0 - -5)*(-6)/h.
3
Suppose -3*l = 5*g - 106, -4*g + 5*l + 134 - 27 = 0. What are the prime factors of g?
23
What are the prime factors of 2/11 + (-284)/(-11)?
2, 13
Suppose -2*y - y = 294. Let k = 46 + y. Let o = -35 - k. List the prime factors of o.
17
Suppose -z + 43 = z - 5*a, 3*z - 45 = a. What are the prime factors of z?
2, 7
Let n(w) = w**3 - w**2 + 4*w - 9. List the prime factors of n(4).
5, 11
Suppose -q = 5*x - 59 - 20, 2*x + 134 = 2*q. Suppose -4*j + 3*j = -60. Suppose -c + 5*c - j = 4*u, 5*c = -u + q. List the prime factors of c.
2, 7
Let l(a) = -13 + 2 - 3*a + 4*a. Let j be l(6). Let n(i) = i**2 + 2*i - 7. What are the prime factors of n(j)?
2
Suppose 2*x = x - g, -x + 3 = -2*g. Suppose -3*n - 5 - 7 = 0. List the prime factors of n/4 + x + 2.
2
Let n(o) = -2*o**2 - 16*o - 5. Let v be n(-7). Let s(q) = -9 + 1 + q + 1. List the prime factors of s(v).
2
Suppose -5*u + 14 = -6. Suppose b - 6 - u = 0. What are the prime factors of b + 0 + (-4)/2?
2
Suppose -2*c + 37 = -5*d, -3*d - 2*d = -4*c + 69. Suppose 18 = 2*v - c. List the prime factors of v.
17
Suppose -4*i + 3*q + 50 + 41 = 0, 0 = -5*i + 4*q + 115. What are the prime factors of 1*4/(-2) + i?
17
Let p be (-3 + 1)*(-4 - -2). Suppose s - 2*j = -s + p, -2*j = 0. Suppose s*l - 22 = -t, l = -2*t - 3*t + 20. List the prime factors of l.
2, 5
Let i(u) = -11*u**3 + 4*u**2 + 3*u. What are the prime factors of i(-2)?
2, 7
Suppose -18 = -o - 2*o. Suppose t = o*t - 180. List the prime factors of t.
2, 3
Let i(w) = 3*w**2 - 4*w + 4. Suppose 3*h - 4*h = -3. What are the prime factors of i(h)?
19
Let y = 63 + -16. List the prime factors of y.
47
Let h(n) = -n**2 + 3. Let z be 1*2/4*0. List the prime factors of h(z).
3
Suppose -s + 172 = -0*s + 5*u, 3*u = -4*s + 739. What are the prime factors of s?
11, 17
List the prime factors of (-2)/(-5)*4715/46.
41
Suppose 527 - 2536 = -7*d. List the prime factors of d.
7, 41
Let u(o) = -o - 15. Let c be u(-11). Let h = c - -6. List the prime factors of 2*7/h - -1.
2
Let t(h) = h**3 + 7*h**2 + 7*h + 6. List the prime factors of t(-5).
3, 7
Suppose 11 = -5*u + 1. Let r be u/(-8) - 76/(-16). Suppose 0 = -j - r*p - 2, -5*p = -10*j + 5*j + 50. List the prime factors of j.
2
Suppose 0 = -2*i + 3*z - 10, z - 8 = 2*i - z. Let u be 125/10 + 1/i. Suppose -5*c = -c - u. List the prime factors of c.
3
Let n(m) = m - 4. Let p be n(5). Let q be (2/6)/(p/33). Let k = q + -2. List the prime factors of k.
3
Let a(h) = 55*h - 5. Let l(v) = 18*v - 2. Let m(w) = -2*a(w) + 7*l(w). Let c be m(3). Suppose 5*d = c + 11. What are the prime factors of d?
11
Let c = -5 - -11. Suppose -3*z = -2*k - 81, -3*z - k + c*k + 72 = 0. What are the prime factors of z?
29
Let w = 26 + 25. List the prime factors of w.
3, 17
Let q(z) = 3 + 4*z**3 + z**3 - 3*z - 3*z**2 - 4*z**3. What are the prime factors of q(4)?
7
Suppose -5*n + 4 = -3*n. Let a(l) = 6*l - 3*l**3 + 5*l**2 + 0*l**3 + 2 + n*l**3. What are the prime factors of a(6)?
2
Let b(a) = 37*a. Let t be b(1). Suppose 5*w - j - 37 - 8 = 0, j = 4*w - t. What are the prime factors of (-2 + 3)/(2/w)?
2
Suppose 0 = -2*a + t + 4, 2*a - 4 + 0 = -5*t. List the prime factors of 5*-2*a/(-5).
2
Let h be 2/(-5) + 48/(-5). Let x(z) = -4*z + 7. Let s be x(6). Let k = h - s. What are the prime factors of k?
7
Let x = 283 + -127. What are the prime factors of x?
2, 3, 13
Suppose r + 4 = 2*r. Suppose -t + d = -26, 0*d = -2*t - r*d + 34. Suppose -3*v + 25 = -t. What are the prime factors of v?
2
Suppose 0*y + 3*y = 96. List the prime factors of y.
2
Let n be (-3 + -6)*1/3. List the prime factors of 5 + -1*(n - -6).
2
Let f be (-2)/6*0 + 3. Let m = 5 - f. What are the prime factors of m?
2
Let y(f) = 11*f**2 + 5*f + 3. What are the prime factors of y(-3)?
3, 29
List the prime factors of (-22)/3*((-62)/4 - -2).
3, 11
Suppose -11 = -5*b + 9. Let m = 3 - b. Let n = 10 + m. What are the prime factors of n?
3
Let x be (15/(-18))/(3/(-18)). Suppose -t - 66 = -3*t. Suppose -3*j + 2*r = -8*j + t, -x = 5*r. List the prime factors of j.
7
Suppose 3*s = -4*w + 2*s + 32, -4*w = 3*s - 24. Suppose 0 = 2*u + 5*f - 8, -5*u + 4*f - w - 4 = 0. Let y(g) = -10*g**3 - g**2. List the prime factors of y(u).
3
Suppose s = -0*u + 5*u + 48, 2*s - 5*u - 121 = 0. What are the prime factors of s?
73
Let j(w) = 3*w**3 - 7*w**2 + 2. Let t(l) = -l**3 - l. Let o(u) = -j(u) - 4*t(u). List the prime factors of o(-6).
2, 5
Let i be 748/24 - (-1)/(-6). Suppose 0*j + 4*q + 36 = 3*j, 0 = 2*j - 5*q - i. What are the prime factors of j?
2
Let g(k) be the second derivative of 5*k**3/6 - 2*k**2 + 3*k. What are the prime factors of g(4)?
2
Let m = 11 - 14. List the prime factors of -1*(m + (-5 - 3)).
11
Let y(t) = 4*t + 6 - 3 - 9*t**3 - 2*t**2 + 8*t**3. Let n be y(-3). Suppose -3*b + 30 + 24 = n. List the prime factors of b.
2, 3
Let n be (2/(-4))/((-1)/2). Let c = n - -5. What are the prime factors of c?
2, 3
Let z(x) = -17*x + 1. Let g be z(-1). Let t be 35/(-7)*(-28)/5. Let j = t - g. What are the prime factors of j?
2, 5
Let h(v) = 4*v + 4. Let b be h(-7). Suppose 6*y - 3*y = -d, -5*d - 3*y = 36. Let g = d - b. List the prime factors of g.
3, 5
Let o(h) = -7*h**3 + 3*h**2 - 2*h - 4. Let c(f) = f**3 + 1. Let m(j) = -4*c(j) - o(j). Let x be 4*(-3)/(-6)*1. What are the prime factors of m(x)?
2
Let c = 308 + -88. What are the prime factors of c?
2, 5, 11
Suppose -76 = 5*j - 9*j. What are the prime factors of j?
19
Let d(a) = -11*a + 11*a - 3 + 2 + 10*a. Let w(i) = i**2. Let x be w(-1). What are the prime factors of d(x)?
3
Let n(c) = -c + 1. Suppose 5*y = 3*y + 2*v - 10, -5*v + 20 = 0. What are the prime factors of n(y)?
2
What are the prime factors of 4/4*(5 + -2)?
3
Suppose -6*q + 138 = -150. What are the prime factors of q?
2, 3
Let t = -10 + 14. Let a be 2 - t/(1/1). What are the prime factors of 1 - (4/a - 8)?
11
Suppose 2*p + p = 2*w - 1617, -3*w = 9. Let r be 4/(-14) - p/7. Suppose -4*g - 9 = -r. What are the prime factors of g?
17
Let t(a) = -4*a - 3. List the prime factors of t(-8).
29
Suppose -20 = 3*a + 2*a. List the prime factors of (a/(-5))/(14/315).
2, 3
What are the prime factors of (-195)/(-30)*12/1?
2, 3, 13
Suppose 12 = -4*l, c + 3*l - 16 = 7*l. Let h(t) = t**3 - 3*t**2 - t - 3. List the prime factors of h(c).
3
Let c be 6 - (0 - 1 - -1). Suppose -4 + c = i. Let z = 5 + i. What are the prime factors of z?
7
Suppose 2*t + 3 = -a + 28, 5*a = 3*t - 70. What are the prime factors of t?
3, 5
Suppose 5*i - 3*b - 1299 = b, -3*b - 780 = -3*i. What are the prime factors of i?
7, 37
Let y(j) = j**3 + 8*j**2 + 8*j + 4. List the prime factors of y(-5).
3, 13
Suppose 0*t - 3*t + 6 = 0. Let x be t*-1 + 0 + 12. Let j = -2 + x. List the prime factors of j.
2
Let g(p) = -p**2 + 2*p + 116. What are the prime factors of g(0)?
2, 29
Let l be (-22)/(-5) - (-4)/(-10). Suppose 0 = -2*a + 2*b, 0 = 2*a - 0*a - 4*b. Let d = l - a. What are the prime factors of d?
2
Let j be 0 - (4 - 8)*1. Suppose 70 = j*h - 106. List the prime factors of h.
2, 11
Suppose 235 - 914 = -7*x. What are the prime factors of x?
97
Let b be -2 + -3 + -2 + 1. Let t = b - -11. List the prime factors of t.
5
Let y(z) = -z**3 + 9*z**2 + 12*z + 2. Let m = -12 + 22. List the prime factors of y(m).
2, 11
Let n be 1 + 0*3/9. Let x be 1/n*1*15. Let p = 31 - x. List the prime factors of p.
2
Let i(k) = k**3 - 3*k**2 - 3*k - 3. Let y be i(4). List the prime factors of y - (-27 - (-4 - -8)).
2
Let g = -2 - 0. Let k(f) = f + 14. Let d be k(-10). Let p = d + g. List the prime factors of p.
2
Let p be (40/12)/(1/3). Let n = -5 + p. What are the prime factors of n?
5
Suppose -3*l = -5*l - 48. Let t be (l/10)/((-12)/40). Let g = t - 5. What are the prime factors of g?
3
Suppose 2*c + c = 36. What are the prime factors of 4/6 - (-316)/c?
3
Let s be 1/(-2)*-6 + 1. Suppose s*z - 2*x = -4*x + 98, 2*x = 3*z - 56. What are the prime factors of z?
2, 11
Let s be 1 - 2 - (-3 - 0). Suppose 4*g - 5*m = 61, 0 = -3*g - 2*m - 1 + 1